1)?
-3
Let f be (((-405)/(-25))/9)/((-16)/20 - -1). Let y(z) = -2*z**2 + 14*z + 17. Determine y(f).
-19
Let i(c) = -16*c - 230. Let b(y) = -17*y - 234. Let q(k) = 4*b(k) - 5*i(k). What is q(-18)?
-2
Let x(d) = 69*d**2 - d - 2. Let y(h) = 25*h**2 - 1. Let l(c) = 4*x(c) - 11*y(c). Suppose 2*k + 0*r = 4*r + 6, 0 = -4*r. Determine l(k).
0
Let o(m) = -7*m**2 + 27*m - 114. Let i(g) = 3*g**2 - 14*g + 45. Let r(b) = 5*i(b) + 2*o(b). Give r(16).
-3
Let f(c) = -1484*c - 336. Let q(a) = 31*a + 7. Let u(w) = -6*f(w) - 287*q(w). Determine u(-2).
-7
Let k(n) be the second derivative of 1/2*n**2 + 3*n - 18 + 5/3*n**3. Determine k(1).
11
Let c(m) = 22*m**2 - 21*m + 4320 - 4284 - 21*m**2 + 31*m. Calculate c(-7).
15
Let u = -6759 - -6771. Let v(p) = 16*p - 189. What is v(u)?
3
Let z(o) = 16*o + 84. Suppose 55*f - 1464 = -1794. Give z(f).
-12
Let n(h) = -h**2 + 137*h + 286. Let a be n(-2). Let k(v) = v - 42. What is k(a)?
-34
Let h(g) = 7 - g - 2*g - 8 - g**2. Let b(d) = 3*d**2 + 10*d + 3. Let v(q) = 3*b(q) + 8*h(q). Let i be v(-6). Let z(u) = 4*u**2 - u + 1. Give z(i).
4
Let f(l) be the second derivative of -l**4/12 - 5*l**3/6 + 7*l**2/2 - 6*l - 37. Give f(-7).
-7
Suppose 0 = -4*i - 3*w - 32, 0 = 29*i - 28*i + w + 7. Let m(r) = 6 - 3*r + 11*r**2 + 2*r + r**3 + 3*r. What is m(i)?
-16
Let v(q) = 195352 - 5*q**2 + 8*q + 2*q - 195380 + 17*q. Give v(1).
-6
Let t(j) = -3*j**3 - 24*j**2 - 12*j - 13. Let f(r) = 2*r**3 + 14*r**2 + 6*r + 6. Let v(l) = 5*f(l) + 3*t(l). Calculate v(4).
-1
Let g(r) = -5*r + 2. Let h = -3359 - -3350. Give g(h).
47
Let x(q) be the third derivative of 1/12*q**5 - 1/2*q**3 + 0 + 0*q - 188*q**2 + 1/120*q**6 + 1/24*q**4. Calculate x(-5).
-8
Let o be ((-9)/(-15) - 1)/((-4)/(-20)). Let q = 11 - 8. Let f(u) = -q*u + u - u + 2*u. Calculate f(o).
2
Let z be (47 + 5)*(-51)/(-12). Let x(u) = 69*u**2 + 77*u**2 + 11 - z*u**2 + 76*u**2 + 9*u. Give x(-7).
-3
Let l(b) = -b + 1. Let q = -22 + 18. Let x(y) be the first derivative of -3*y**2/2 + 11*y + 65. Let i(k) = q*l(k) + x(k). Calculate i(-5).
2
Let s be 2/((-4)/(-2)) - -7. Let u(g) = -s*g**2 + 0*g - g**3 - 22*g + 23*g + 5. Give u(-8).
-3
Let f = 21 - 14. Let b(g) = -5*g - 28. Let n be b(-6). Let u(k) = 1 + k**n - 1 + 0 - 6*k - 3. What is u(f)?
4
Suppose -4*g - 787 = 4*c - 7*g, 757 = -4*c - 3*g. Let z = c - -182. Let t(s) = -s**3 - 11*s**2 - 3. What is t(z)?
-3
Let z(a) = 2*a - 8. Let r be (2 + 1 - 1/(-7))/((-20)/(-70)). Determine z(r).
14
Let r(w) = w - 1. Let l(k) = 2*k - 1. Let o be -1 - -7 - (1 + 4). Let h(s) = o*r(s) + 2*l(s). What is h(6)?
27
Let t(d) = -4308 + 2153 + 2154 - 2*d**3. Suppose 0 = s - 4*m + 11, s + 4*s + 3*m = 14. Let b(v) = -v**2. Let z be b(s). What is t(z)?
1
Let m(b) = b**2 - b + 18. Let y = -175 + 179. Let o be 2/(2 - 0)*(-6 + 9). Suppose 0*x = o*v + 5*x, -x = y*v. Determine m(v).
18
Let h(t) = -9*t + 13. Let n(m) = 7*m - 12. Let y(j) = 4*h(j) + 5*n(j). Suppose 2*l - 2*d = -l - 29, 2*l - 5*d + 34 = 0. Calculate y(l).
-1
Suppose -89*f - 37*f - 659 = -911. Let c(w) = 87*w - 172. Give c(f).
2
Let m be (1 - 5) + 22 + -3. Suppose m*k - 10*k = 5*b + 50, -3*k = -5*b - 42. Let t(d) be the first derivative of d**2/2 + 6*d - 1. What is t(b)?
0
Let b(m) = -254*m + 20 - 250*m - 248*m + 755*m. Give b(-4).
8
Let m = 116491 - 116488. Let h(n) be the first derivative of 3*n**2/2 - 5*n - 1. Calculate h(m).
4
Let q = 214 + -189. Let p(j) = -j**2 + 27*j - 63. Determine p(q).
-13
Suppose 5*a - 9 - 16 = -2*s, 0 = 3*a - 3*s + 6. Let t(l) = -7*l**2 + 2 + 2 + a*l**3 + 5 - 2*l**3 - 7*l. Let u(g) = g**2 - 2*g - 16. Let j be u(6). Give t(j).
17
Let z(a) = 256 - 14*a - 186 - 482 - 529. Calculate z(-67).
-3
Let c(s) = 30*s - 93. Let w be c(3). Suppose 3 = -3*z + 21. Let d(q) = z*q + 2*q + 4 - 4*q. Determine d(w).
-8
Let v(y) be the first derivative of -y**4/4 + 8*y**3/3 - 5*y**2 - 10*y + 916. Give v(6).
2
Let n(u) = 10*u**3 - 2*u**2 + 1. Let s(d) = 39*d**3 - 8*d**2 + 4. Let w(r) = 9*n(r) - 2*s(r). Let g = -207 + 208. What is w(g)?
11
Let h(p) = 21*p + 6. Let v(x) = 2*x. Let s(d) = -3*h(d) + 30*v(d). What is s(-4)?
-6
Let c(q) = q**3 + q**2 + q. Let f = -3646 + 3645. What is c(f)?
-1
Let k(g) = 15*g - 77. Let c(z) = 44*z - 210. Let h(m) = 3*c(m) - 10*k(m). What is h(7)?
14
Let r be -2 + (-3 - -6) + -7. Let f be r/(-4) - (-12)/24. Let c(q) = -q**3 + 2*q**2 + 3*q - q + 0*q. Calculate c(f).
4
Let c(i) = 14*i + 62. Suppose 50*u = 45*u - 20. Let v be c(u). Let r(q) = 0*q + q - 4 - 3. Determine r(v).
-1
Let u(k) = k**3 - 16*k**2 - 17*k - 8. Suppose -38 = -2*y - i, -11*y + 71 = -8*y + 5*i. What is u(y)?
-8
Let z(i) = -2*i**2 + 8*i - 12. Let r(j) = -152*j + 1979. Let q be r(13). What is z(q)?
-6
Let v = -1 - -1. Let f(l) be the third derivative of l**6/120 - l**5/60 + l**4/24 - 4*l**3/3 - 3*l**2 - 604. Calculate f(v).
-8
Let t(c) = 11*c - 76. Let g(o) = 32*o - 217. Let p(k) = -6*g(k) + 17*t(k). Give p(3).
-5
Let n(p) = -2*p**2 + 13*p - 9. Let s be n(3). Let b(a) = a - 10 - 1 + 9. Give b(s).
10
Let j(k) = k + 13. Suppose -2*p + 5*p + 45 = -2*m, p = 3*m + 40. Let d be (0 - 6/m)*(-60)/(-2). Let q be 12*(-8)/d + (2 - 1). Give j(q).
6
Let a(h) = -21*h**3 + 47*h**3 - 27*h**3. Let f = -3 - -3. Suppose f = -3*w - 2 + 5. Calculate a(w).
-1
Let m = 144 - 322. Let q = -125 - m. Let i = q - 58. Let d(k) = -3*k - 5. Determine d(i).
10
Suppose -5*n + 87 = 5*l + 32, -15*n + 75 = 0. Let g(w) = w + 1. Let r(i) = i. Let z(x) = -2*g(x) + 3*r(x). Give z(l).
4
Let x = 9 + 2. Let h(z) = -605236 - 10*z + 2*z**2 - z**2 + 605230. Determine h(x).
5
Let j(x) = 8*x - 1. Let k = -47 + 19. Let n = -24 - k. Suppose 5 + n = -9*p. Calculate j(p).
-9
Let u(o) = 27*o**2 + 9*o. Let c(b) = b**2 - 2*b. Let q(y) = 4*c(y) + u(y). Let r be (-14)/(-12) - (-3)/(-18). Give q(r).
32
Let p = 322 - 311. Let h(c) = 18*c - 1 - p*c + 20*c - 2*c. Give h(1).
24
Let d(b) = b**2 + 6*b + 4. Let g(t) = t**2 + t - 4. Let f be g(-3). Let s(z) = 49*z - 37*z + 0 - z**3 - 6 + 11*z**f. Let v be s(12). What is d(v)?
4
Let n(t) = -t**3 - 7*t**2 + 4*t + 3. Let x(k) = k**3 + 11*k**2 - 6*k - 2. Let g(i) = 4*n(i) + 3*x(i). Let s be ((-3)/(-3))/(1/5). Determine g(s).
-4
Let x(h) = -h**3 + 20*h**2 - 36*h - 9. Let o be x(18). Let w(a) = 3*a**2 - 5*a + 2. Let i(b) = 13*b**2 - 19*b + 10. Let v(y) = o*w(y) + 2*i(y). Calculate v(8).
-6
Let o(a) = -a**2 - 9*a + 101. Let t(v) = -v + 12. Let s(k) = 2*o(k) - 17*t(k). Calculate s(-1).
-3
Suppose -3*f = 2*f - 40. Let t be (4/(-8)*-6 - -2) + 0. Let w(x) = 3*x + 21. Let z(i) = -2*i - 14. Let s(d) = f*z(d) + t*w(d). What is s(-5)?
-2
Let l(y) = y - 3. Let u be 82/5 + -4*(-4)/(-40). Suppose -x + 6*x = -h + u, 4*x = -5*h - 4. Let i(w) = w**3 - 2*w**2 - 7*w + 4. Let r be i(x). Give l(r).
5
Suppose 5*g = 3*x - 58, 0 = -5*g - 178 + 138. Let h(y) = y**3 - 4*y**2 - 3*y - 17. Determine h(x).
37
Let b(t) = t + 8. Suppose 3*i - 160 = i - 3*j, 2*i + 2*j = 164. Suppose -u - i = -6*u + 2*h, -2*u = -2*h - 32. Let m be u/(-45) + 48/(-5). Calculate b(m).
-2
Let j(l) = l - 2. Suppose -3*d - 623 = -626. Suppose 12 = 4*y - 4*g, -5*y - 5*g + 2*g - d = 0. What is j(y)?
-1
Let l = 2677 - 2677. Let c(g) = -2*g**2 - 4*g - 2. Calculate c(l).
-2
Let t(x) = x**2 - 30*x + 35. Let i be t(28). Let j be i/6*(-16)/28. Let k(f) = f - 1. Let q(y) = 7*y - 5. Let a(w) = 6*k(w) - q(w). Give a(j).
-3
Let k(y) be the first derivative of y**4/4 - 2*y**3 - 4*y**2 + 2*y - 129. Suppose 0 = -s + 15 - 1. Let c be (21 - 23)*s/(-4). Determine k(c).
-5
Let c(x) = -3948 + 3919 + x**2 - 8*x + 4*x. Give c(9).
16
Let t(r) = 17*r + 252. Let n(j) = 52*j + 745. Let v(y) = -3*n(y) + 8*t(y). What is v(-11)?
1
Let w(z) = z + 17 + 14 + 26 - 53. Let p = 4 - 2. Suppose -p*d = -3*d - 7. What is w(d)?
-3
Let r(x) = x**3 + 2*x**2 - x + 7. Let y be ((-6)/(-5))/((-16)/28*(-28)/(-40)). Determine r(y).
1
Let x(j) = 9*j + 1. Suppose 25*q = 22*q - 462. Let v = q + 152. What is x(v)?
-17
Let d(h) = 21*h**2 + 524*h - 29. Let n be d(-25). Let k(a) = -34*a - 133. Give k(n).
3
Let i(p) be the third derivative of p**5/60 + p**3/3 + 9*p**2. Suppose -12 - 91 - 11 = -38*l. Give i(l).
11
Let u(p) = 2*p - 12. Suppose 5*t - 7 = -12. Let w(n) = -4. Let s(a) = t*u(a) + 6*w(a). Determine s(-11).
10
Suppose 5*g = -2*d - 173, 17 = -d - 5*g - 82. Let q = -888 - -817. Let u = d - q. Let k(l) = -l**3 - 5*l**2 - 3*l + 1. Calculate k(u)